f u.
5
Let q(m) = -3*m - 3. What are the prime factors of q(-11)?
2, 3, 5
Let r(m) be the second derivative of 4/3*m**3 + 2*m + 0 - 1/20*m**5 + 1/2*m**4 + 3*m**2. What are the prime factors of r(7)?
13
Let g(v) = -v**3 - v**2 - 2. Let l be g(-2). Suppose -l*y = 2*n - 30, -2*y = -4*n + 70 - 4. List the prime factors of n.
2
Suppose 2*f = 3 + 1. List the prime factors of 8/((1/f)/1).
2
Suppose -4*n + n = 228. Let a = -46 - n. Let q = a - 20. List the prime factors of q.
2, 5
List the prime factors of (-1431)/(-3)*(-1)/(-3).
3, 53
Let g(m) = -m**3 + 7*m**2 + 4*m - 6. List the prime factors of g(7).
2, 11
Let y(j) = j**2 + j - 5. Let c be y(-4). Suppose 0 = -3*r - 2*s + 97, -s = -3*r + c*r - 121. List the prime factors of r.
29
Let m(s) = s**3 + 4*s**2 + s - 4. Let o be m(-3). Suppose q - o*q + 23 = 0. List the prime factors of q.
23
Let n(t) = -t - 12. Let j be n(-9). Let d = j + 28. What are the prime factors of d?
5
Suppose -50 - 8 = -m. List the prime factors of m.
2, 29
Let f(x) be the third derivative of -x**6/360 - 7*x**5/120 + x**4/6 - 2*x**2. Let w(i) be the second derivative of f(i). List the prime factors of w(-5).
3
Let i(b) = 4*b - 1. Let r be i(2). Let t be (-2)/(-7) - (-12)/r. Suppose -4 = -t*y + 8. List the prime factors of y.
2, 3
Let x = -90 + 126. List the prime factors of x.
2, 3
Let l = 6 + -8. What are the prime factors of (3/l)/((-9)/12)?
2
Suppose t - 4*f - f = 81, -4*f + 492 = 5*t. Let d be (-2)/7 - t/(-42). Suppose -3*z - d = -2*x, 0*x + 5*x - 24 = -2*z. List the prime factors of x.
2
Suppose 0 = 11*a - 6*a - 25. Suppose -5*v = a*t - 55, 15 + 26 = 3*t + v. List the prime factors of t.
3, 5
Suppose -4 - 8 = -3*n. Let c = 10 - n. Suppose -c*t = -p - t + 13, 0 = 4*p - 4*t - 20. What are the prime factors of p?
3
Let p = 3 + -3. Suppose 0 = 2*a - 0*o + 5*o, p = a + 3*o. Suppose a = 2*t - 8 - 8. List the prime factors of t.
2
Let a be (1 - 4)/((-4)/(-20)). What are the prime factors of (a + 4 + -2)/(-1)?
13
Let u(b) = b**3 - 2*b**2 - 5*b + 4. Let s = 5 - 1. Let t be u(s). Suppose 3*i - z - 14 = 3, -4*z + t = 0. What are the prime factors of i?
7
Suppose -74*l + 75*l = 141. What are the prime factors of l?
3, 47
Let x be -3 - (0 - 0)/1. Let f = x + 5. List the prime factors of f.
2
Let d(u) = -u - 1. Let f be d(1). Let z(c) = -c**2 - 2*c + 2. Let r be z(f). What are the prime factors of (8/(-6))/(r/(-21))?
2, 7
Let i be 4/6 - 8/(-6). Let l = -3 - -5. Suppose -i = -g + l. List the prime factors of g.
2
Let x(q) be the first derivative of -15*q**2/2 - 2. What are the prime factors of x(-1)?
3, 5
Let k(p) = -p + 4. Let r be k(-3). Suppose -2*n + 4*y - r = n, 4*y - 19 = -n. Suppose -h - n*h + 12 = 0. List the prime factors of h.
3
Suppose -13 = -3*r - x, -2*x + 0*x - 4 = -4*r. Suppose 0 = -2*j + 31 - r. What are the prime factors of j?
2, 7
Let x = 17 + -16. List the prime factors of 7/x - (0 - 1).
2
Let p(v) = 2*v + 7. Let l be p(8). Suppose -4*h + 9*h - 4*d - 30 = 0, -5*d - l = h. Suppose -h*i + 4*o = -34, 2*i - i = 4*o + 27. List the prime factors of i.
7
List the prime factors of -4 - (-53 + 4 + -4).
7
Let y = 104 - 47. What are the prime factors of y?
3, 19
Suppose a + 2*a - 27 = 0. Let i = a - 2. List the prime factors of i.
7
Let c = 4 - 10. Let x = c - -4. Let h(n) = -9*n - 2. List the prime factors of h(x).
2
Let f = 8 - 14. Let s be 6/36 + (-5)/f. List the prime factors of 1 + 1 + s + 0.
3
Suppose -5*q + 11 + 19 = 0. Let w(t) = -3 - q*t - 4 - t**2 + 9. What are the prime factors of w(-6)?
2
Suppose 4*w - 3*w - 12 = -s, 28 = 2*w + s. Suppose -5*j - w = -5*u - 1, 4*u = 5*j + 9. List the prime factors of u.
2, 3
Let n(d) = -10*d**2 + 12*d - 5. Let m(f) = -3*f**2 + 4*f - 2. Let t(h) = -7*m(h) + 2*n(h). List the prime factors of t(5).
3
Let d = 3 - -2. Suppose 5*l = 2*l - d*o + 45, 0 = 5*l - 3*o - 75. Let k = -4 + l. What are the prime factors of k?
11
Let x(s) = -s**2 - s - 6. Let d be x(0). What are the prime factors of 2/12 + (-35)/d?
2, 3
Suppose 0 = -6*w - 0*w + 216. List the prime factors of w.
2, 3
Suppose 4*z + 163 = -553. Let d = -123 - z. What are the prime factors of d?
2, 7
Suppose -f = f - 14. Suppose 0 = -f*q + 2*q + 50. List the prime factors of q.
2, 5
Let t(k) = -6*k. Let d be (-4)/3 + (-6)/(-18). What are the prime factors of t(d)?
2, 3
Let c = 10 + -7. What are the prime factors of (2/c)/(1/6)?
2
Let q(m) = 0*m + 0*m + 5*m**2 - 2*m. Let v be q(3). Suppose -y - 9 = -c + y, 3*c - 2*y = v. What are the prime factors of c?
3, 5
Let c be (2 + -3)*0/3. Suppose 0 = -c*h - 4*h. Suppose -r + 5*r - 48 = h. List the prime factors of r.
2, 3
Let g(a) = -a**2 + 7*a - 5. Let o be g(6). Let h be o*(-8)/(-2) - 1. What are the prime factors of 2 + (3/h - 1)?
2
Let g(k) = k**2 - k - 1. Let q be g(3). Suppose 7*p + 4*h - 28 = 3*p, -q*p + 3*h + 67 = 0. Suppose 2*j - p = j. List the prime factors of j.
11
Let m be (0 + -2)/(2/(-72)). Let k = m + -37. Suppose -d + k = 4*d - 5*j, -3*j = d - 23. What are the prime factors of d?
11
Let f(g) = 2*g**3 - 5*g**2 + g + 7. List the prime factors of f(3).
19
What are the prime factors of -4*1*-4*2/4?
2
Suppose 5*u - 15 = 2*u. List the prime factors of u.
5
Let y(h) = -5*h - 39. Let l(b) = -b - 8. Let s(q) = -11*l(q) + 2*y(q). Let w be s(-8). Suppose -2*i + 31 = -u, 5*u + 8 = w*i - 19. List the prime factors of i.
2
Suppose 42 = -4*i + 7*i. List the prime factors of ((-21)/i)/((-2)/24).
2, 3
What are the prime factors of (-3)/(-2)*(-1386)/(-27)?
7, 11
Let o(a) = 2*a + 3. Let w be o(-6). Let d = w - -17. List the prime factors of d.
2
Let q = 8 - 6. Suppose q*c + 3*s + 2*s - 66 = 0, -2*s - 136 = -5*c. What are the prime factors of c?
2, 7
Let j = 120 - -110. What are the prime factors of j?
2, 5, 23
Suppose -5*t + 7 = -13. Suppose 3 = 3*w + 2*g, -t*w + 6*g - 3*g + 21 = 0. List the prime factors of w.
3
Let m = 676 + -404. What are the prime factors of m?
2, 17
Let a(z) = -z**2 - 12*z - 6. Let x be a(-11). Suppose 0 = -4*v + 9 - 21, 36 = 3*b - x*v. List the prime factors of b.
7
Let k be 68/(-3) + 2/3. Let s = 59 + k. List the prime factors of s.
37
Let l(q) be the second derivative of -7*q**5/10 + q**4/12 + q**3/3 + q**2/2 + q. Let g = 5 - 6. List the prime factors of l(g).
2, 7
Suppose 3 = 2*y + y. Let t(d) = 21*d**3 + 2*d**2 - 1. List the prime factors of t(y).
2, 11
Suppose -635 - 180 = -5*p. List the prime factors of p.
163
Suppose 3*o = 5*v - 3, -4*v + 0 = -2*o - 2. Suppose 4*u = -v*u - 32. Let f(z) = z**3 + 7*z**2 - 8*z + 7. List the prime factors of f(u).
7
Let p(h) = 2*h - 4 - 1 - 1 - 1. Suppose 2*c - 4*c = -5*m + 17, 12 = 4*m - 2*c. List the prime factors of p(m).
3
Let b(c) = c**2 - 24*c + 27. List the prime factors of b(25).
2, 13
Let w(c) = 57*c**2 - 1. What are the prime factors of w(1)?
2, 7
Let g(y) = -y**3 + 10*y**2 + 10*y - 2. Let d be -4*1/(-4)*11. Let f be g(d). Let s = f + 22. List the prime factors of s.
3
List the prime factors of (5 + (-145)/25)*205/(-2).
2, 41
Suppose 3*o + 48 = 5*o. What are the prime factors of o?
2, 3
Let a = 69 - 15. Suppose -4*z = 2*o - 0*o - a, 0 = 5*z + 15. What are the prime factors of o?
3, 11
Let d(i) = i + 5. Let z be d(-6). Let o(r) = -2*r**2 - 10*r - 6. Let g be o(-4). Let a = g - z. List the prime factors of a.
3
List the prime factors of 0 + 313 + -4 + (2 - -5).
2, 79
Let h be (5/3)/((-2)/(-6)). Let j(n) = -n**3 + 6*n**2 - 6*n + 5. Let w be j(h). Suppose 0*o + 23 = o + 3*a, w = 5*a - 20. What are the prime factors of o?
11
Let s(q) = q + 9. Let h be s(-6). Suppose -5*v = h - 18. Suppose 0 = -v*a - 8 + 26. What are the prime factors of a?
2, 3
What are the prime factors of 3750/21 + (-4)/7?
2, 89
Suppose 0 = 5*j + 4*u - 166, j + 100 = 5*j - 5*u. Suppose c - 6*c + j = 0. Let n(t) = -t**2 + 8*t - 2. List the prime factors of n(c).
2, 5
Suppose 0 = -2*q - 2*q - j + 20, 0 = -q + 3*j + 18. Suppose 0 = d + 4 - q. List the prime factors of d.
2
Suppose 13*t + 0 - 65 = 0. Let b be (1 + 4/(-2))*2. Let n = t + b. What are the prime factors of n?
3
Suppose 2*b = -2*s + 14, 2*b + 0*s = -4*s + 20. Suppose l = b*c + 2*l - 50, 3*c = -3*l + 33. What are the prime factors of c?
13
Let q(b) be the first derivative of b**4/4 - b**3 - 3*b - 3. Let r be q(3). List the prime factors of ((-5)/(-3))/(r/(-27)).
3, 5
Let u(n) = n + 8. Let v(a) = -9*a - 7. Le